{"id":377,"date":"2021-10-13T17:58:30","date_gmt":"2021-10-13T15:58:30","guid":{"rendered":"https:\/\/stadtmuseum.result.de\/?post_type=sammlung&#038;p=377"},"modified":"2023-10-24T10:02:29","modified_gmt":"2023-10-24T08:02:29","slug":"eine-bronzefibel-der-salierzeit","status":"publish","type":"sammlung","link":"https:\/\/www.koelnisches-stadtmuseum.de\/en\/sammlung\/alltagsobjekte\/eine-bronzefibel-der-salierzeit\/","title":{"rendered":"Eine Bronzefibel der Salierzeit"},"content":{"rendered":"\n<figure class=\"wp-block-image size-ksm-featured-image-page is-style-default\"><img decoding=\"async\" width=\"1260\" height=\"280\" src=\"https:\/\/www.koelnisches-stadtmuseum.de\/wp-content\/uploads\/2022\/02\/Sammlung_Headerbild-1260x280.jpg\" alt=\"Man sieht einen gemalten Blick auf die alte Stadt K\u00f6ln.\" class=\"wp-image-2148\" srcset=\"https:\/\/www.koelnisches-stadtmuseum.de\/wp-content\/uploads\/2022\/02\/Sammlung_Headerbild-1260x280.jpg 1260w, https:\/\/www.koelnisches-stadtmuseum.de\/wp-content\/uploads\/2022\/02\/Sammlung_Headerbild-300x67.jpg 300w, https:\/\/www.koelnisches-stadtmuseum.de\/wp-content\/uploads\/2022\/02\/Sammlung_Headerbild-1024x228.jpg 1024w, https:\/\/www.koelnisches-stadtmuseum.de\/wp-content\/uploads\/2022\/02\/Sammlung_Headerbild-768x171.jpg 768w, https:\/\/www.koelnisches-stadtmuseum.de\/wp-content\/uploads\/2022\/02\/Sammlung_Headerbild-1536x341.jpg 1536w, https:\/\/www.koelnisches-stadtmuseum.de\/wp-content\/uploads\/2022\/02\/Sammlung_Headerbild-2048x455.jpg 2048w\" sizes=\"(max-width: 1260px) 100vw, 1260px\" \/><\/figure>\n\n\n\n<div style=\"height:40px\" aria-hidden=\"true\" class=\"wp-block-spacer\"><\/div>\n\n\n\n<div class=\"wp-block-columns is-layout-flex wp-container-core-columns-is-layout-28f84493 wp-block-columns-is-layout-flex\">\n<div class=\"wp-block-column is-vertically-aligned-center is-layout-flow wp-block-column-is-layout-flow\" style=\"flex-basis:33.33%\">\n<h1 class=\"wp-block-heading\" id=\"eine-bronzefibel-der-salierzeit\">Eine Bronzefibel der Salierzeit<\/h1>\n<\/div>\n\n\n\n<div class=\"wp-block-column is-vertically-aligned-center is-layout-flow wp-block-column-is-layout-flow\" style=\"flex-basis:66.66%\">\n<p><strong><strong>Fibeln, wie Schmuckst\u00fccke gestaltet, waren im Mittelalter unverzichtbarer Bestandteil der mitteleurop\u00e4ischen Frauenkleidung. Mit ihnen konnten Hemd und Mantel schnell und praktisch verschlossen werden.<\/strong><\/strong><\/p>\n<\/div>\n<\/div>\n\n\n\n<hr class=\"wp-block-separator has-css-opacity is-style-wide\"\/>\n\n\n\n<div style=\"height:20px\" aria-hidden=\"true\" class=\"wp-block-spacer\"><\/div>\n\n\n\n<div class=\"wp-block-columns is-layout-flex wp-container-core-columns-is-layout-28f84493 wp-block-columns-is-layout-flex\">\n<div class=\"wp-block-column is-layout-flow wp-block-column-is-layout-flow\" style=\"flex-basis:33.33%\">\n<figure class=\"wp-block-image size-full is-style-default\"><img decoding=\"async\" width=\"633\" height=\"633\" src=\"https:\/\/www.koelnisches-stadtmuseum.de\/wp-content\/uploads\/2022\/01\/164__8696883_lo.jpg\" alt=\"Man sieht eine Bronzefibel aus dem Jahr 1000\" class=\"wp-image-1199\" srcset=\"https:\/\/www.koelnisches-stadtmuseum.de\/wp-content\/uploads\/2022\/01\/164__8696883_lo.jpg 633w, https:\/\/www.koelnisches-stadtmuseum.de\/wp-content\/uploads\/2022\/01\/164__8696883_lo-300x300.jpg 300w, https:\/\/www.koelnisches-stadtmuseum.de\/wp-content\/uploads\/2022\/01\/164__8696883_lo-150x150.jpg 150w, https:\/\/www.koelnisches-stadtmuseum.de\/wp-content\/uploads\/2022\/01\/164__8696883_lo-120x120.jpg 120w\" sizes=\"(max-width: 633px) 100vw, 633px\" \/><figcaption class=\"wp-element-caption\"><strong><strong>Bronzefibel, 10.\/11. Jahrhundert. <\/strong><\/strong>Foto: rba_d033458<\/figcaption><\/figure>\n<\/div>\n\n\n\n<div class=\"wp-block-column is-layout-flow wp-block-column-is-layout-flow\" style=\"flex-basis:66.66%\">\n<p>Kleine Scheibenfibeln aus Bronze, Messing oder anderen preiswerten Metalllegierungen waren in der Karolinger-, Ottonen- und Salierzeit fester Bestandteil der mittelalterlichen Frauentracht. Die Damen trugen die kleinen Schmuckst\u00fccke meist auf der Brust oder unterhalb des Kinns, um damit einen Mantel zu verschlie\u00dfen. Eine zweite, manchmal auch dritte Fibel, hielt ein darunter getragenes, am Hals geschlitztes wei\u00dfes Hemd mit langen \u00c4rmeln zusammen.<\/p>\n\n\n\n<p>Fibeln dieses Typs sind in unz\u00e4hligen Varianten \u00fcber gro\u00dfe Teile Europas verteilt. Meist handelt es sich um Siedlungs- oder Einzelfunde; nur in den Randbereichen des Reiches sind sie auch als Grabbeigaben \u00fcberliefert.<\/p>\n\n\n\n<p>Unsere Fibel, deren Fundumst\u00e4nde nicht bekannt sind, geh\u00f6rt zur Gruppe der Emailscheibenfibeln mit Tierornamentik auf dem Mittelplateau und abgesetztem verziertem Perlrand. Fibeln mit doppeltem Perlrand und nach links blickendem heraldischem Adler bilden innerhalb dieses Typs eine recht seltene Variante. Der urspr\u00fcngliche emaillierte Grubenschmelz ist nicht erhalten. Besser erhaltene Vergleichsfunde weisen roten und orangefarbenen Schmuckdekor auf. Von der ehemaligen Nadelkonstruktion auf der R\u00fcckseite zeugen nur noch L\u00f6tspuren.<\/p>\n\n\n\n<p>Insgesamt sind circa zehn Fibeln dieser Variante bekannt. Ihre Verbreitung reicht von \u00d6sterreich \u00fcber die Schweiz und S\u00fcddeutschland bis in das Rhein-Mosel-Gebiet. Soweit sich diese Fibeln datieren lassen, geh\u00f6ren sie in die zweite H\u00e4lfte des 10. und die erste H\u00e4lfte des 11. Jahrhunderts. Die \u00bbalte\u00ab Datierung in die Merowingerzeit ist damit obsolet.<\/p>\n\n\n\n<p>Erworben wurde die Fibel von dem Sammler (und gelegentlichen H\u00e4ndler) Hermann-Josef L\u00fcckger. Die Familie L\u00fcckger sammelte seit Generationen.<\/p>\n\n\n\n<p>Der erste war wohl Johann Wilhelm L\u00fcckger (1752\u2013 1827), auch seine Nachkommen Johann Mathias L\u00fcckger, Vater und Sohn, f\u00fchrten das Werk eifrig dort. Hermann Joseph L\u00fcckger (1864\u20131951) entwickelte daneben eine ganz besondere Leidenschaft f\u00fcr das Forschen.<\/p>\n<\/div>\n<\/div>\n\n\n\n<hr class=\"wp-block-separator has-css-opacity is-style-wide\"\/>\n\n\n\n<div style=\"height:20px\" aria-hidden=\"true\" class=\"wp-block-spacer\"><\/div>\n\n\n\n<p><em>Bronzefibel, 10.\/11. Jahrhundert, Dm. 2,5 cm,&nbsp;Fundort unbekannt,&nbsp;Inv.-Nr HM&nbsp;1893\/6.&nbsp;Ankauf aus der Sammlung Hermann-Josef L\u00fcckger f\u00fcr 2,50 Mark. Foto: rba_d033458; rba_014838<\/em><\/p>\n\n\n\n<p><strong>Autor: Dr. Marcus Trier<\/strong><\/p>\n","protected":false},"excerpt":{"rendered":"<p>Fibeln, wie Schmuckst\u00fccke gestaltet, waren im Mittelalter unverzichtbarer Bestandteil der mitteleurop\u00e4ischen Frauenkleidung. Mit ihnen konnten Hemd und Mantel schnell und praktisch verschlossen werden.<\/p>\n","protected":false},"featured_media":1199,"parent":141,"menu_order":0,"template":"","class_list":["post-377","sammlung","type-sammlung","status-publish","has-post-thumbnail","hentry","wpbf-post"],"acf":[],"_links":{"self":[{"href":"https:\/\/www.koelnisches-stadtmuseum.de\/en\/wp-json\/wp\/v2\/sammlung\/377","targetHints":{"allow":["GET"]}}],"collection":[{"href":"https:\/\/www.koelnisches-stadtmuseum.de\/en\/wp-json\/wp\/v2\/sammlung"}],"about":[{"href":"https:\/\/www.koelnisches-stadtmuseum.de\/en\/wp-json\/wp\/v2\/types\/sammlung"}],"version-history":[{"count":8,"href":"https:\/\/www.koelnisches-stadtmuseum.de\/en\/wp-json\/wp\/v2\/sammlung\/377\/revisions"}],"predecessor-version":[{"id":10905,"href":"https:\/\/www.koelnisches-stadtmuseum.de\/en\/wp-json\/wp\/v2\/sammlung\/377\/revisions\/10905"}],"up":[{"embeddable":true,"href":"https:\/\/www.koelnisches-stadtmuseum.de\/en\/wp-json\/wp\/v2\/sammlung\/141"}],"wp:featuredmedia":[{"embeddable":true,"href":"https:\/\/www.koelnisches-stadtmuseum.de\/en\/wp-json\/wp\/v2\/media\/1199"}],"wp:attachment":[{"href":"https:\/\/www.koelnisches-stadtmuseum.de\/en\/wp-json\/wp\/v2\/media?parent=377"}],"curies":[{"name":"wp","href":"https:\/\/api.w.org\/{rel}","templated":true}]}}

<figure class="wp-block-image size-ksm-featured-image-page is-style-default"><img decoding="async" width="1260" height="280" src="https://www.koelnisches-stadtmuseum.de/wp-content/uploads/2022/02/Sammlung_Headerbild-1260x280.jpg" alt="Man sieht einen gemalten Blick auf die alte Stadt Köln." class="wp-image-2148" srcset="https://www.koelnisches-stadtmuseum.de/wp-content/uploads/2022/02/Sammlung_Headerbild-1260x280.jpg 1260w, https://www.koelnisches-stadtmuseum.de/wp-content/uploads/2022/02/Sammlung_Headerbild-300x67.jpg 300w, https://www.koelnisches-stadtmuseum.de/wp-content/uploads/2022/02/Sammlung_Headerbild-1024x228.jpg 1024w, https://www.koelnisches-stadtmuseum.de/wp-content/uploads/2022/02/Sammlung_Headerbild-768x171.jpg 768w, https://www.koelnisches-stadtmuseum.de/wp-content/uploads/2022/02/Sammlung_Headerbild-1536x341.jpg 1536w, https://www.koelnisches-stadtmuseum.de/wp-content/uploads/2022/02/Sammlung_Headerbild-2048x455.jpg 2048w" sizes="(max-width: 1260px) 100vw, 1260px" /></figure>



<div style="height:40px" aria-hidden="true" class="wp-block-spacer"></div>



<div class="wp-block-columns is-layout-flex wp-container-core-columns-is-layout-28f84493 wp-block-columns-is-layout-flex">
<div class="wp-block-column is-vertically-aligned-center is-layout-flow wp-block-column-is-layout-flow" style="flex-basis:33.33%">
<h1 class="wp-block-heading" id="eine-bronzefibel-der-salierzeit">Eine Bronzefibel der Salierzeit</h1>
</div>



<div class="wp-block-column is-vertically-aligned-center is-layout-flow wp-block-column-is-layout-flow" style="flex-basis:66.66%">
<p><strong><strong>Fibeln, wie Schmuckstücke gestaltet, waren im Mittelalter unverzichtbarer Bestandteil der mitteleuropäischen Frauenkleidung. Mit ihnen konnten Hemd und Mantel schnell und praktisch verschlossen werden.</strong></strong></p>
</div>
</div>



<hr class="wp-block-separator has-css-opacity is-style-wide"/>



<div style="height:20px" aria-hidden="true" class="wp-block-spacer"></div>



<div class="wp-block-columns is-layout-flex wp-container-core-columns-is-layout-28f84493 wp-block-columns-is-layout-flex">
<div class="wp-block-column is-layout-flow wp-block-column-is-layout-flow" style="flex-basis:33.33%">
<figure class="wp-block-image size-full is-style-default"><img decoding="async" width="633" height="633" src="https://www.koelnisches-stadtmuseum.de/wp-content/uploads/2022/01/164__8696883_lo.jpg" alt="Man sieht eine Bronzefibel aus dem Jahr 1000" class="wp-image-1199" srcset="https://www.koelnisches-stadtmuseum.de/wp-content/uploads/2022/01/164__8696883_lo.jpg 633w, https://www.koelnisches-stadtmuseum.de/wp-content/uploads/2022/01/164__8696883_lo-300x300.jpg 300w, https://www.koelnisches-stadtmuseum.de/wp-content/uploads/2022/01/164__8696883_lo-150x150.jpg 150w, https://www.koelnisches-stadtmuseum.de/wp-content/uploads/2022/01/164__8696883_lo-120x120.jpg 120w" sizes="(max-width: 633px) 100vw, 633px" /><figcaption class="wp-element-caption"><strong><strong>Bronzefibel, 10./11. Jahrhundert. </strong></strong>Foto: rba_d033458</figcaption></figure>
</div>



<div class="wp-block-column is-layout-flow wp-block-column-is-layout-flow" style="flex-basis:66.66%">
<p>Kleine Scheibenfibeln aus Bronze, Messing oder anderen preiswerten Metalllegierungen waren in der Karolinger-, Ottonen- und Salierzeit fester Bestandteil der mittelalterlichen Frauentracht. Die Damen trugen die kleinen Schmuckstücke meist auf der Brust oder unterhalb des Kinns, um damit einen Mantel zu verschließen. Eine zweite, manchmal auch dritte Fibel, hielt ein darunter getragenes, am Hals geschlitztes weißes Hemd mit langen Ärmeln zusammen.</p>



<p>Fibeln dieses Typs sind in unzähligen Varianten über große Teile Europas verteilt. Meist handelt es sich um Siedlungs- oder Einzelfunde; nur in den Randbereichen des Reiches sind sie auch als Grabbeigaben überliefert.</p>



<p>Unsere Fibel, deren Fundumstände nicht bekannt sind, gehört zur Gruppe der Emailscheibenfibeln mit Tierornamentik auf dem Mittelplateau und abgesetztem verziertem Perlrand. Fibeln mit doppeltem Perlrand und nach links blickendem heraldischem Adler bilden innerhalb dieses Typs eine recht seltene Variante. Der ursprüngliche emaillierte Grubenschmelz ist nicht erhalten. Besser erhaltene Vergleichsfunde weisen roten und orangefarbenen Schmuckdekor auf. Von der ehemaligen Nadelkonstruktion auf der Rückseite zeugen nur noch Lötspuren.</p>



<p>Insgesamt sind circa zehn Fibeln dieser Variante bekannt. Ihre Verbreitung reicht von Österreich über die Schweiz und Süddeutschland bis in das Rhein-Mosel-Gebiet. Soweit sich diese Fibeln datieren lassen, gehören sie in die zweite Hälfte des 10. und die erste Hälfte des 11. Jahrhunderts. Die »alte« Datierung in die Merowingerzeit ist damit obsolet.</p>



<p>Erworben wurde die Fibel von dem Sammler (und gelegentlichen Händler) Hermann-Josef Lückger. Die Familie Lückger sammelte seit Generationen.</p>



<p>Der erste war wohl Johann Wilhelm Lückger (1752– 1827), auch seine Nachkommen Johann Mathias Lückger, Vater und Sohn, führten das Werk eifrig dort. Hermann Joseph Lückger (1864–1951) entwickelte daneben eine ganz besondere Leidenschaft für das Forschen.</p>
</div>
</div>



<hr class="wp-block-separator has-css-opacity is-style-wide"/>



<div style="height:20px" aria-hidden="true" class="wp-block-spacer"></div>



<p><em>Bronzefibel, 10./11. Jahrhundert, Dm. 2,5 cm,&nbsp;Fundort unbekannt,&nbsp;Inv.-Nr HM&nbsp;1893/6.&nbsp;Ankauf aus der Sammlung Hermann-Josef Lückger für 2,50 Mark. Foto: rba_d033458; rba_014838</em></p>



<p><strong>Autor: Dr. Marcus Trier</strong></p>

<p>Fibeln, wie Schmuckstücke gestaltet, waren im Mittelalter unverzichtbarer Bestandteil der mitteleuropäischen Frauenkleidung. Mit ihnen konnten Hemd und Mantel schnell und praktisch verschlossen werden.</p>
