{"id":14281,"date":"2024-05-17T20:13:42","date_gmt":"2024-05-17T18:13:42","guid":{"rendered":"https:\/\/www.koelnisches-stadtmuseum.de\/?page_id=14281"},"modified":"2026-03-26T14:11:08","modified_gmt":"2026-03-26T13:11:08","slug":"newsticker-2","status":"publish","type":"page","link":"https:\/\/www.koelnisches-stadtmuseum.de\/en\/newsticker-2\/","title":{"rendered":"Newsticker 2"},"content":{"rendered":"\n<div style=\"height:38px\" aria-hidden=\"true\" class=\"wp-block-spacer\"><\/div>\n\n\n\n<h1 class=\"wp-block-heading\">Magische Tour durch unsere Dauerausstellung f\u00fcr Kinder ab 8 Jahren<\/h1>\n\n\n\n<div style=\"height:16px\" aria-hidden=\"true\" class=\"wp-block-spacer\"><\/div>\n\n\n\n<p>In unserer Dauerausstellung gibt es ein besonderes Highlight f\u00fcr Familien: Kinder ab 8 Jahren k\u00f6nnen mit unserem Multimedia-Guide in\u00a0<strong>eine Nacht voller Abenteuer, spannender Geschichten und magischer Erlebnisse<\/strong>\u00a0eintauchen!<\/p>\n\n\n\n<p>Worum geht&#8217;s? <br>Die neugierige Sch\u00fclerin Emma wird nach einem Klassenausflug im Museum eingeschlossen. Dort begegnet sie dem Heinzelm\u00e4nnchen Heinz, das nachts heimlich daf\u00fcr sorgt, dass die Ausstellungsst\u00fccke jeden Morgen wieder in neuem Glanz erstrahlen. Mit seinen magischen Kr\u00e4ften bringt Heinz Gem\u00e4lde zum Sprechen und Gegenst\u00e4nde zum Klingen \u2013 und nimmt Emma mit auf eine unvergessliche Reise durch die K\u00f6lner Stadtgeschichte!<\/p>\n\n\n\n<p>Alles, was ihr braucht, um mit euren Kindern dieses Abenteuer zu erleben, ist ein Smartphone.&nbsp;Alle Infos zur Dauerausstellung findet ihr <a href=\"https:\/\/www.koelnisches-stadtmuseum.de\/ausstellung\/dauerausstellung\/\">hier<\/a>.<\/p>\n","protected":false},"excerpt":{"rendered":"<p>Anl\u00e4sslich der 75 Jahre Grundgesetz diskutieren Sch\u00fcler*innen mit OB Henriette Reker und Bundesinnenminister a.D. Gerhart Baum \u00fcber das Grundgesetz.<\/p>\n","protected":false},"author":7,"featured_media":0,"parent":0,"menu_order":0,"comment_status":"closed","ping_status":"closed","template":"","meta":{"_acf_changed":false,"footnotes":""},"class_list":["post-14281","page","type-page","status-publish","hentry","wpbf-post"],"acf":[],"_links":{"self":[{"href":"https:\/\/www.koelnisches-stadtmuseum.de\/en\/wp-json\/wp\/v2\/pages\/14281","targetHints":{"allow":["GET"]}}],"collection":[{"href":"https:\/\/www.koelnisches-stadtmuseum.de\/en\/wp-json\/wp\/v2\/pages"}],"about":[{"href":"https:\/\/www.koelnisches-stadtmuseum.de\/en\/wp-json\/wp\/v2\/types\/page"}],"author":[{"embeddable":true,"href":"https:\/\/www.koelnisches-stadtmuseum.de\/en\/wp-json\/wp\/v2\/users\/7"}],"replies":[{"embeddable":true,"href":"https:\/\/www.koelnisches-stadtmuseum.de\/en\/wp-json\/wp\/v2\/comments?post=14281"}],"version-history":[{"count":23,"href":"https:\/\/www.koelnisches-stadtmuseum.de\/en\/wp-json\/wp\/v2\/pages\/14281\/revisions"}],"predecessor-version":[{"id":17705,"href":"https:\/\/www.koelnisches-stadtmuseum.de\/en\/wp-json\/wp\/v2\/pages\/14281\/revisions\/17705"}],"wp:attachment":[{"href":"https:\/\/www.koelnisches-stadtmuseum.de\/en\/wp-json\/wp\/v2\/media?parent=14281"}],"curies":[{"name":"wp","href":"https:\/\/api.w.org\/{rel}","templated":true}]}}

<div style="height:38px" aria-hidden="true" class="wp-block-spacer"></div>



<h1 class="wp-block-heading">Magische Tour durch unsere Dauerausstellung für Kinder ab 8 Jahren</h1>



<div style="height:16px" aria-hidden="true" class="wp-block-spacer"></div>



<p>In unserer Dauerausstellung gibt es ein besonderes Highlight für Familien: Kinder ab 8 Jahren können mit unserem Multimedia-Guide in <strong>eine Nacht voller Abenteuer, spannender Geschichten und magischer Erlebnisse</strong> eintauchen!</p>



<p>Worum geht&#8217;s? <br>Die neugierige Schülerin Emma wird nach einem Klassenausflug im Museum eingeschlossen. Dort begegnet sie dem Heinzelmännchen Heinz, das nachts heimlich dafür sorgt, dass die Ausstellungsstücke jeden Morgen wieder in neuem Glanz erstrahlen. Mit seinen magischen Kräften bringt Heinz Gemälde zum Sprechen und Gegenstände zum Klingen – und nimmt Emma mit auf eine unvergessliche Reise durch die Kölner Stadtgeschichte!</p>



<p>Alles, was ihr braucht, um mit euren Kindern dieses Abenteuer zu erleben, ist ein Smartphone.&nbsp;Alle Infos zur Dauerausstellung findet ihr <a href="https://www.koelnisches-stadtmuseum.de/ausstellung/dauerausstellung/">hier</a>.</p>

<p>Anlässlich der 75 Jahre Grundgesetz diskutieren Schüler*innen mit OB Henriette Reker und Bundesinnenminister a.D. Gerhart Baum über das Grundgesetz.</p>
